er when 1950 is divided by 1271?
679
Calculate the remainder when 394302 is divided by 97.
94
What is the remainder when 236649 is divided by 44?
17
What is the remainder when 66760 is divided by 2781?
16
Calculate the remainder when 22245 is divided by 181.
163
What is the remainder when 796 is divided by 295?
206
Calculate the remainder when 523274 is divided by 347.
345
Calculate the remainder when 296 is divided by 76.
68
Calculate the remainder when 3541 is divided by 1046.
403
What is the remainder when 8616 is divided by 221?
218
What is the remainder when 548865 is divided by 106?
103
Calculate the remainder when 10352 is divided by 10344.
8
What is the remainder when 21162 is divided by 5255?
142
What is the remainder when 3604 is divided by 1164?
112
What is the remainder when 2121 is divided by 337?
99
What is the remainder when 142500 is divided by 3165?
75
Calculate the remainder when 674282 is divided by 131.
25
What is the remainder when 849878 is divided by 70822?
14
What is the remainder when 6029 is divided by 5960?
69
Calculate the remainder when 428 is divided by 340.
88
What is the remainder when 18054 is divided by 3610?
4
What is the remainder when 46620 is divided by 1196?
1172
Calculate the remainder when 2204 is divided by 147.
146
Calculate the remainder when 172259 is divided by 198.
197
Calculate the remainder when 2674269 is divided by 10.
9
What is the remainder when 88758 is divided by 280?
278
What is the remainder when 22014 is divided by 202?
198
What is the remainder when 8632 is divided by 35?
22
Calculate the remainder when 10895 is divided by 77.
38
Calculate the remainder when 15468 is divided by 25.
18
What is the remainder when 3006 is divided by 30?
6
Calculate the remainder when 552484 is divided by 9.
1
What is the remainder when 4509 is divided by 500?
9
Calculate the remainder when 3691 is divided by 1796.
99
Calculate the remainder when 232531 is divided by 94.
69
What is the remainder when 523749 is divided by 139?
136
Calculate the remainder when 680409 is divided by 673.
6
Calculate the remainder when 8106 is divided by 446.
78
Calculate the remainder when 1652 is divided by 136.
20
Calculate the remainder when 66732 is divided by 2899.
55
Calculate the remainder when 569625 is divided by 18.
15
Calculate the remainder when 6201 is divided by 80.
41
Calculate the remainder when 6343 is divided by 1267.
8
What is the remainder when 56598 is divided by 28293?
12
What is the remainder when 3517 is divided by 1054?
355
What is the remainder when 54997 is divided by 833?
19
What is the remainder when 37373 is divided by 36?
5
Calculate the remainder when 55849 is divided by 57.
46
What is the remainder when 6280 is divided by 1179?
385
What is the remainder when 5466121 is divided by 537?
535
Calculate the remainder when 253158 is divided by 103.
87
Calculate the remainder when 6562 is divided by 128.
34
Calculate the remainder when 24598 is divided by 41.
39
What is the remainder when 216944 is divided by 45?
44
Calculate the remainder when 3710 is divided by 420.
350
Calculate the remainder when 7097 is divided by 93.
29
Calculate the remainder when 30333 is divided by 341.
325
Calculate the remainder when 14774 is divided by 1039.
228
What is the remainder when 13798 is divided by 19?
4
Calculate the remainder when 32488 is divided by 386.
64
What is the remainder when 126496 is divided by 29?
27
What is the remainder when 9507 is divided by 947?
37
What is the remainder when 32926 is divided by 85?
31
Calculate the remainder when 53913 is divided by 65.
28
What is the remainder when 7759 is divided by 1549?
14
What is the remainder when 1639242 is divided by 38?
36
What is the remainder when 169 is divided by 15?
4
Calculate the remainder when 868158 is divided by 22.
16
Calculate the remainder when 44004 is divided by 27.
21
What is the remainder when 543 is divided by 541?
2
Calculate the remainder when 3131 is divided by 1565.
1
Calculate the remainder when 5142 is divided by 85.
42
What is the remainder when 12474 is divided by 130?
124
Calculate the remainder when 12317 is divided by 59.
45
What is the remainder when 46510 is divided by 51?
49
Calculate the remainder when 58648 is divided by 343.
338
Calculate the remainder when 19369 is divided by 9648.
73
Calculate the remainder when 1076 is divided by 802.
274
What is the remainder when 27972 is divided by 5?
2
What is the remainder when 228885 is divided by 13?
7
Calculate the remainder when 51608 is divided by 3022.
234
Calculate the remainder when 24415 is divided by 205.
20
What is the remainder when 120816 is divided by 895?
886
What is the remainder when 760039 is divided by 21?
7
What is the remainder when 90483 is divided by 121?
96
Calculate the remainder when 11095 is divided by 555.
550
Calculate the remainder when 670 is divided by 166.
6
Calculate the remainder when 72923 is divided by 212.
207
What is the remainder when 207364 is divided by 34?
32
Calculate the remainder when 4101 is divided by 240.
21
Calculate the remainder when 27836 is divided by 32.
28
Calculate the remainder when 15539 is divided by 81.
68
What is the remainder when 10503 is divided by 223?
22
What is the remainder when 2908 is divided by 510?
358
What is the remainder when 51549 is divided by 75?
24
Calculate the remainder when 69013 is divided by 65.
48
Calculate the remainder when 219758 is divided by 658.
644
Calculate the remainder when 46973 is divided by 500.
473
Calculate the remainder when 875 is divided by 344.
187
Calculate the remainder when 7281 is divided by 116.
89
What is the remainder when 261607 is divided by 172?
167
What is the remainder when 10941 is divided by 32?
29
What is the remainder when 33274 is divided by 605?
604
What is the remainder when 718431 is divided by 1256?
1255
What is the remainder when 106443 is divided by 349?
347
Calculate the remainder when 16483 is divided by 2056.
35
Calculate the remainder when 7906 is divided by 174.
76
What is the remainder when 121172 is divided by 25?
22
Calculate the remainder when 5650 is divided by 116.
82
Calculate the remainder when 239536 is divided by 20.
16
What is the remainder when 154469 is divided by 95?
94
What is the remainder when 407730 is divided by 853?
849
Calculate the remainder when 2394 is divided by 702.
288
What is the remainder when 9289 is divided by 355?
59
What is the remainder when 11314 is divided by 276?
274
What is the remainder when 1366 is divided by 117?
79
What is the remainder when 4143 is divided by 14?
13
Calculate the remainder when 44720 is divided by 14899.
23
What is the remainder when 173162 is divided by 587?
584
Calculate the remainder when 41076 is divided by 542.
426
What is the remainder when 70881 is divided by 70873?
8
What is the remainder when 3299 is divided by 1061?
116
Calculate the remainder when 3416 is divided by 1707.
2
What is the remainder when 696 is divided by 38?
12
What is the remainder when 5366 is divided by 64?
54
What is the remainder when 30244 is divided by 820?
724
Calculate the remainder when 18201 is divided by 164.
161
Calculate the remainder when 86375 is divided by 43184.
7
Calculate the remainder when 42209 is divided by 115.
4
Calculate the remainder when 147656 is divided by 20.
16
Calculate the remainder when 314 is divided by 99.
17
Calculate the remainder when 9343 is divided by 2126.
839
Calculate the remainder when 255540 is divided by 44.
32
What is the remainder when 23189 is divided by 5?
4
What is the remainder when 108338 is divided by 67?
66
What is the remainder when 52661 is divided by 26328?
5
What is the remainder when 85507 is divided by 1425?
7
What is the remainder when 16614 is divided by 1508?
26
What is the remainder when 974 is divided by 445?
84
What is the remainder when 14461 is divided by 919?
676
Calculate the remainder when 19838 is divided by 536.
6
Calculate the remainder when 8209 is divided by 513.
1
Calculate the remainder when 866094 is divided by 75.
69
Calculate the remainder when 1813205 is divided by 1467.
1460
Calculate the remainder when 948032 is divided by 87.
80
What is the remainder when 13922 is divided by 357?
356
Calculate the remainder when 6852 is d